mainder when 15188 is divided by 217.
215
Calculate the remainder when 190358 is divided by 321.
5
Calculate the remainder when 289353 is divided by 359.
358
What is the remainder when 4595846 is divided by 1575?
1571
Calculate the remainder when 67212 is divided by 123.
54
Calculate the remainder when 50415 is divided by 139.
97
Calculate the remainder when 162307 is divided by 65.
2
Calculate the remainder when 12101136 is divided by 73.
72
Calculate the remainder when 4492 is divided by 81.
37
Calculate the remainder when 2101310 is divided by 40.
30
What is the remainder when 48611 is divided by 573?
479
What is the remainder when 43052 is divided by 21526?
0
What is the remainder when 2343566 is divided by 955?
951
What is the remainder when 3405 is divided by 201?
189
What is the remainder when 9130 is divided by 87?
82
Calculate the remainder when 15259 is divided by 513.
382
Calculate the remainder when 2496 is divided by 353.
25
What is the remainder when 112274 is divided by 35?
29
What is the remainder when 305 is divided by 98?
11
Calculate the remainder when 164732 is divided by 505.
102
Calculate the remainder when 109582 is divided by 36.
34
Calculate the remainder when 6732 is divided by 6717.
15
What is the remainder when 34040 is divided by 59?
56
What is the remainder when 95054 is divided by 1612?
1558
What is the remainder when 54595 is divided by 709?
2
What is the remainder when 22914 is divided by 28?
10
What is the remainder when 64012 is divided by 165?
157
Calculate the remainder when 17847 is divided by 51.
48
What is the remainder when 294845 is divided by 17?
14
What is the remainder when 574231 is divided by 1311?
13
Calculate the remainder when 61 is divided by 33.
28
What is the remainder when 14883 is divided by 3372?
1395
What is the remainder when 657970 is divided by 252?
250
Calculate the remainder when 1409 is divided by 1321.
88
Calculate the remainder when 2549623 is divided by 125.
123
Calculate the remainder when 6928 is divided by 30.
28
Calculate the remainder when 113502 is divided by 13.
12
What is the remainder when 41649 is divided by 13816?
201
What is the remainder when 13072 is divided by 62?
52
What is the remainder when 2971 is divided by 2965?
6
What is the remainder when 5181444 is divided by 51?
48
What is the remainder when 9156 is divided by 19?
17
Calculate the remainder when 4320 is divided by 147.
57
What is the remainder when 29134 is divided by 16?
14
Calculate the remainder when 1136 is divided by 346.
98
What is the remainder when 67954 is divided by 8?
2
What is the remainder when 13035 is divided by 20?
15
What is the remainder when 883 is divided by 12?
7
Calculate the remainder when 4266 is divided by 1044.
90
Calculate the remainder when 7549 is divided by 1803.
337
Calculate the remainder when 43878 is divided by 74.
70
Calculate the remainder when 2554 is divided by 400.
154
Calculate the remainder when 72647 is divided by 45.
17
Calculate the remainder when 207840 is divided by 19.
18
What is the remainder when 50325 is divided by 6290?
5
What is the remainder when 54501 is divided by 641?
16
Calculate the remainder when 83183 is divided by 5.
3
What is the remainder when 10264 is divided by 353?
27
Calculate the remainder when 112146 is divided by 24.
18
What is the remainder when 90403 is divided by 2379?
1
What is the remainder when 6202 is divided by 862?
168
Calculate the remainder when 12625 is divided by 601.
4
Calculate the remainder when 387338 is divided by 217.
210
What is the remainder when 619 is divided by 110?
69
Calculate the remainder when 1997564 is divided by 285.
284
What is the remainder when 456 is divided by 357?
99
Calculate the remainder when 50366 is divided by 138.
134
What is the remainder when 2826 is divided by 1055?
716
What is the remainder when 4070 is divided by 131?
9
Calculate the remainder when 39251 is divided by 19.
16
Calculate the remainder when 35557 is divided by 30.
7
Calculate the remainder when 6390 is divided by 31.
4
What is the remainder when 535 is divided by 328?
207
What is the remainder when 85363 is divided by 445?
368
What is the remainder when 3269 is divided by 25?
19
Calculate the remainder when 6356 is divided by 986.
440
Calculate the remainder when 1804 is divided by 282.
112
Calculate the remainder when 159883 is divided by 17.
15
Calculate the remainder when 13353 is divided by 6645.
63
Calculate the remainder when 251111 is divided by 446.
13
What is the remainder when 129293 is divided by 637?
619
Calculate the remainder when 80392 is divided by 116.
4
Calculate the remainder when 39006 is divided by 19459.
88
What is the remainder when 1395 is divided by 1?
0
Calculate the remainder when 195199 is divided by 50.
49
What is the remainder when 1278 is divided by 184?
174
Calculate the remainder when 1764 is divided by 220.
4
What is the remainder when 18686 is divided by 76?
66
What is the remainder when 592080 is divided by 104?
8
What is the remainder when 523 is divided by 322?
201
Calculate the remainder when 45955 is divided by 15302.
49
What is the remainder when 538841 is divided by 1132?
9
Calculate the remainder when 10729 is divided by 233.
11
Calculate the remainder when 4755 is divided by 116.
115
What is the remainder when 4229 is divided by 171?
125
What is the remainder when 8177 is divided by 4080?
17
What is the remainder when 52166 is divided by 1738?
26
What is the remainder when 139296 is divided by 2902?
0
What is the remainder when 1554 is divided by 485?
99
What is the remainder when 19443 is divided by 42?
39
What is the remainder when 42576 is divided by 744?
168
Calculate the remainder when 2335 is divided by 8.
7
Calculate the remainder when 48087 is divided by 12.
3
Calculate the remainder when 2012 is divided by 886.
240
Calculate the remainder when 196060 is divided by 25.
10
Calculate the remainder when 19406 is divided by 1147.
1054
Calculate the remainder when 30143 is divided by 38.
9
Calculate the remainder when 4381 is divided by 403.
351
Calculate the remainder when 30476 is divided by 188.
20
What is the remainder when 5198 is divided by 100?
98
Calculate the remainder when 2871 is divided by 2831.
40
What is the remainder when 8684 is divided by 23?
13
Calculate the remainder when 531984 is divided by 14.
12
What is the remainder when 38623 is divided by 25?
23
Calculate the remainder when 100600 is divided by 46.
44
What is the remainder when 74080 is divided by 7?
6
Calculate the remainder when 19280 is divided by 9618.
44
What is the remainder when 2650 is divided by 244?
210
Calculate the remainder when 11148 is divided by 320.
268
Calculate the remainder when 3139 is divided by 994.
157
What is the remainder when 129275 is divided by 126?
125
What is the remainder when 2776 is divided by 913?
37
Calculate the remainder when 8012 is divided by 2666.
14
Calculate the remainder when 21267 is divided by 10632.
3
What is the remainder when 46 is divided by 40?
6
Calculate the remainder when 326744 is divided by 2301.
2
What is the remainder when 2270 is divided by 2254?
16
Calculate the remainder when 223408 is divided by 404.
400
Calculate the remainder when 753931 is divided by 31.
11
Calculate the remainder when 27615 is divided by 146.
21
Calculate the remainder when 4086273 is divided by 110.
103
What is the remainder when 272246 is divided by 50?
46
Calculate the remainder when 6770 is divided by 3371.
28
Calculate the remainder when 8545 is divided by 231.
229
Calculate the remainder when 7782 is divided by 1266.
186
Calculate the remainder when 8671 is divided by 4335.
1
What is the remainder when 573490 is divided by 2?
0
Calculate the remainder when 24792 is divided by 12007.
778
What is the remainder when 69380 is divided by 83?
75
Calculate the remainder when 3453 is divided by 672.
93
What is the remainder when 8629 is divided by 12?
1
Calculate the remainder when 32633 is divided by 503.
441
Calculate the remainder when 3254 is divided by 1785.
1469
What is the remainder when 341748 is divided by 125?
123
What is the remainder when 4902 is divided by 1485?
447
Calculate the remainder when 120417 is divided by 53.
1
What is the remainder when 552369 is